 + 2*k**2 + 37*k - 36. Let b(o) be the first derivative of f(o). What is b(8)?
-4
Let v(a) be the second derivative of a**3/6 - a**2 - 47*a. Determine v(3).
1
Let k(s) = -s**2 + 7*s - 2. Suppose -4*b - 2*c = -190, 0 = 5*c + 7 + 8. Let d = -183 - -185. Suppose 9*u = d*u + b. Give k(u).
-2
Let u be 14/3*105/14. Suppose -3*y = 32 - u. Let c(r) = -15*r**3 - 2*r**2 + 1. Give c(y).
-16
Suppose -b = b + 10. Let d(p) be the third derivative of -p**4/24 + p**3/3 + 1749*p**2. Determine d(b).
7
Let i(j) = -j + 11. Let d be i(7). Suppose -3*k - 2*l = -0*l - d, -3*l + 6 = 0. Let y(w) = -2*w**2 + k*w**2 + w - 5*w + 3*w + 2. Give y(-2).
-4
Suppose -3*x = -4*g - 10 + 1, g = 3*x - 9. Let s(a) = -4*a**2 + a + 3. What is s(x)?
-30
Suppose -3*j - 3*b = -21, 4*j = 5*b - 2*b + 35. Suppose 9*i - j*i = 8. Let y(f) = -i + 1 + 4 - f. Calculate y(0).
-3
Let q(w) = w - 10. Suppose -3*h + 8*h = 3*b + 49, -4*h - 5*b = -17. Give q(h).
-2
Let g(k) = 1344 + 4*k - 672 - 671. Suppose 4*p + l = 6, -p - 5*l = -5*p - 6. Determine g(p).
5
Let x be (4/(-21))/((-10)/280*8). Let d(v) be the first derivative of 7 + v - v**2 - 1/4*v**4 + x*v**3. Give d(2).
-3
Let w(q) be the first derivative of -1/3*q**3 - 3*q**2 - 11 + 11*q. Give w(-8).
-5
Let n(q) = -8*q - 15. Let c(x) = -11*x - 22. Let z(m) = 5*c(m) - 7*n(m). Determine z(8).
3
Let m = -10 - -14. Let c(k) be the second derivative of k**4/12 - k**3/6 + k**2 - 593*k + 1. Determine c(m).
14
Let z(l) = 4*l**3 - 9*l**2 + 2*l - 12. Let m(t) = -3*t**3 + 8*t**2 - 2*t + 11. Let o(d) = 5*m(d) + 4*z(d). Suppose -35*g - 430 = 51*g. Give o(g).
-8
Let u = -7 + 7. Let x(v) = -v + 5 - 10 + u. Let c(m) = m**3 - 11*m**2 + 11*m - 14. Let s be c(10). What is x(s)?
-1
Let r(a) = a**2 + 7*a + 1. Let c(i) = -i**2 + 12*i - 22. Let t be c(5). Let m(h) = -2*h + 23. Let l be m(t). What is r(l)?
-11
Let p(q) = 5*q - 77. Let x(n) = n - 19. Let h(u) = 2*p(u) - 9*x(u). Determine h(-12).
5
Let n(w) = w**2 + 3*w + 3. Let k be n(0). Let r(q) = 10 - 5 - q + 0*q + k. Give r(8).
0
Let h = 12 - 7. Let z(u) = -4*u - h*u + 1 - u - u. Let w be 0/(-1) - -1 - 2. What is z(w)?
12
Let j(t) = -2*t + 4 - 4 + 7*t + 1. Suppose -12*n + 14*n = 4. Calculate j(n).
11
Let g(y) = -3*y - 4. Let c = -204 + 200. Calculate g(c).
8
Let m = -166 - -167. Let p(b) be the second derivative of 5*b**4/24 + b**3/6 + 2*b**2 + 3*b. Let f(c) be the first derivative of p(c). What is f(m)?
6
Let o(c) = 3 + 0 - 8*c + 8*c + c. Let v be o(3). Let r(f) = -3*f + f + f**2 + 3 + v*f. Give r(-2).
-1
Let k(u) = 24*u**3 - 11*u**2 - 6*u - 11. Let a be 6/(-9) - 70/(-6). Let j(h) = 5*h**3 - 2*h**2 - h - 2. Let c(d) = a*j(d) - 2*k(d). Calculate c(1).
8
Let a(s) = 6*s**3 - 2*s**2 + 1. Let h = 14 - 11. Suppose k = -h*t - 2*t - 18, t + 12 = -3*k. Let g be (-3 - -2)*(-2 - k). Determine a(g).
-7
Let n(p) be the third derivative of p**5/60 + p**4/4 - p**3/6 + 66*p**2. Calculate n(-5).
-6
Suppose -7 = -2*n - 3*k, -3*n = -387*k + 388*k + 7. Let h(z) be the second derivative of z**3/3 + 3*z**2 + z. Give h(n).
-2
Let n(u) = u**2 - u + 6. Let d be n(0). Suppose d*s - 4*s = 48. Let a be -2 + (s/3)/(-4). Let t(o) = -o**2 - 3*o + 5. Give t(a).
1
Let u(r) = -11*r + r**2 - 3*r**2 + r**2 - 5 + 7*r. What is u(-4)?
-5
Suppose -d = 2*o + 6, 4*d - o - 3 = 6*d. Suppose 4*f - 11 + 3 = d. Let a(q) = q**3 - 5*q**2 + 4*q - 3. Determine a(f).
-7
Let u(t) = 6*t**2 + 4*t - 3. Let m be u(-2). Let a(h) = -h**2 + 14*h - 6. Determine a(m).
7
Let n(t) = -t**2 - 4*t - 1. Let j(i) = 51*i - 412. Let m be j(8). Determine n(m).
-1
Let n(p) = 24*p**3 + 28*p**2 - 4*p + 1. Let s(b) = -17*b**3 - 19*b**2 + 3*b. Let x(h) = -5*n(h) - 7*s(h). Calculate x(-6).
-35
Let x be (125/75)/((-1)/3). Let w(i) = -i**3 - 4*i**2 + 3*i - 15. What is w(x)?
-5
Let m = 3 - 1. Let o = -1 + m. Let v(i) be the third derivative of -7*i**5/60 - i**3/6 - 4*i**2 - 4. Calculate v(o).
-8
Let j(b) = b**3 + 6*b**2 + 5*b + 7. Let c be j(-5). Suppose c = 2*r - 3*p + 2*p, 2*r + 5*p - 1 = 0. Let a(t) = 5*t + 0 - r - t - t**2. What is a(5)?
-8
Let k(f) = -2*f**3 + f**2 + f + 2. Let s be 1/(-6)*-2 + 1272/72. Suppose 4*m + 0*m = -y - s, 0 = 3*y + 5*m + 19. What is k(y)?
-8
Let a(h) = -5*h**2 - 3*h + 1. Let t(n) = 12*n**2 + 4*n - 2. Let z(r) = -5*a(r) - 2*t(r). Give z(-6).
-7
Let f(x) = -2 + 15 + x - 2. Let g be f(-6). Let v(h) = h**2 - 6*h - 2. Give v(g).
-7
Let x be -2 - (0 - 0) - (-14651)/7176. Let h(w) be the third derivative of 0*w - 7*w**2 + 0 - x*w**4 + 1/3*w**3. What is h(2)?
0
Let x(y) = -y**3 - 4*y**2 + 42*y - 23. Let m be x(-9). Let n(b) = -3 - 2 + 9 - b. Calculate n(m).
0
Let z(o) = o**2 - 2*o + 1. Let h(p) = p**2 - 3*p - 1. Let a(t) = -3*h(t) + 2*z(t). Calculate a(-4).
-31
Let f = -5 - -9. Suppose 0 = 3*a + f*j + 1, a - 2*j + 19 = -4*a. Let x(g) = -g**3 - 5*g**2 - 4*g. Determine x(a).
-6
Let q(o) = o**2 + 4*o + 1. Suppose 0 = 4*t + 5*d - 27, -3 = -2*d + 3. Let u be 9/(-27) + (-14)/t. What is q(u)?
6
Let a = -5 + 11. Let v be (-8)/a*((-20)/4 + 2). Let b(w) = -w**2 + w + 5. Determine b(v).
-7
Let y(m) = 125*m**2 - m - 43*m**2 + 1 - 46*m**2 - 43*m**2. Determine y(-1).
-5
Let w(n) = -2*n - 15. Let p be (-76)/9 - (-60)/135. What is w(p)?
1
Let c(l) = 4*l - 5*l + 2*l + 10 - 13. Give c(4).
1
Let u(s) = 20*s + 54. Let c(k) = -14*k - 35. Let r(m) = 7*c(m) + 5*u(m). What is r(-14)?
-3
Let h(q) = -q + 18 + 6*q - 38 + 19. What is h(2)?
9
Let r(z) = -z - 23. Let f(t) = t**3 - 12*t**2 + 8*t + 17. Let x be f(11). Determine r(x).
-7
Let x(b) be the second derivative of b**5/20 - 11*b**4/12 - b**2/2 - 33*b. Determine x(11).
-1
Let j be 3 + 10/((-80)/(-24)). Let u(g) = -g**3 + 6*g**2. Give u(j).
0
Suppose n = -0*n - 3*n. Let h(w) be the third derivative of 1/8*w**4 + 1/3*w**3 + w**2 + 0 + 1/60*w**5 + n*w. Give h(-5).
12
Let h(m) be the first derivative of -m**2/2 + 1. Let y = -8262 + 8269. Calculate h(y).
-7
Let i(y) = y**2 + 13*y + 4. Let s = -1986 + 1981. What is i(s)?
-36
Let j(q) = q**2 - q - 2. Let f(s) = -3 + 12*s**2 + s + 9*s**2 - 15*s**2. Let h(g) = -f(g) + 5*j(g). Calculate h(-5).
-2
Suppose -85 + 35 = -10*v. Let i(b) = 2*b**3 - 11*b**2 + 6*b. Give i(v).
5
Suppose 3*o - 6 = 5*c, 0 = -3*o + c - 1 + 19. Let r(b) = -2 + b**2 + o - 7 + 6*b + 0. What is r(-6)?
-2
Suppose -4*h + 5*v - 15 = 0, 2*h + 5*v = -2 + 17. Let n(z) be the second derivative of -1/12*z**4 - 7/2*z**2 + 3*z + h - 7/6*z**3. Give n(-5).
3
Let k(w) be the second derivative of -w**3/6 + 17*w**2/2 - 35*w. Let c be -1*3/1 + 13. Give k(c).
7
Let m(p) be the third derivative of p**5/60 - 11*p**4/24 + 2*p**3 + 944*p**2. Determine m(6).
-18
Let z(r) = r**3 + 5*r**2 + 4*r - 1. Suppose 2*p + 3*p = 155. Let t be (-2)/7 + (-300)/(-70). Suppose 0 = 4*k - 5*l + p, -5*l + 3 = -k + t*k. Give z(k).
-1
Let k = 161 - 150. Let v(c) = -c**2 + 9*c + 14. What is v(k)?
-8
Suppose -6*i + 2 = 38. Let v(u) = -u**3 - 6*u**2 - 2*u + 7. What is v(i)?
19
Let s(r) = -r - 4. Let y = 28 + -26. Let d be 8 + (2/(-1))/y. What is s(d)?
-11
Suppose 4*n + 5*v = 3*v + 106, 0 = -2*n + 2*v + 44. Suppose j - 3*x = 9, -7*j + 2*j - 5*x + n = 0. Let s(k) = -2 + 5*k + 1 - 3*k - 5. Determine s(j).
6
Let x = -5 - -7. Suppose -5*f = 2*i - 30, 4*f + x*i = -0*i + 24. Suppose 4*o + 2 = -f. Let j(p) = p**3 - 2*p - 1. Calculate j(o).
-5
Let u(o) = o**2 + 18*o + 49. Let s be u(-15). Suppose -s*m = b, -b - 2*m = -0*m. Let l(j) = -j - 9. What is l(b)?
-9
Let p(w) = -3*w**2 - 7*w + 9. Let o(s) = 37 - 7*s**2 - 2*s**2 - 29*s - 12*s**2 + 8*s**2. Let l(a) = -2*o(a) + 9*p(a). Determine l(-6).
1
Let k(c) be the second derivative of c**7/2520 - c**6/144 + c**5/60 - 35*c**4/12 + 46*c. Let s(g) be the third derivative of k(g). What is s(6)?
8
Let o(r) = -r - 2. Let h be ((-4)/(-10))/((-9)/(-180)). What is o(h)?
-10
Suppose 2*p = p + 6. Let n = 9 + -5. Let h(z) = 3*z + z - n*z + z. Give h(p).
6
Let v(r) = -7. Let g(c) = c + 1. Let s(n) = -2*g(n) + v(n). Let m be 0 - (0 - (-16)/2). Let q = m + 2. Calculate s(q).
3
Let r(h) = -2*h**3 - h**2 - h - 1. Let l = -502 + 501. Determine r(l).
1
Let p(f) = -f**2 + f - 4. Let w be 1394/(-8) - 3/(-12). Let h = w + 252. Let a be (-4)/(-10) - h/(-30). Determine p(a).
-10
Let h be (7 - 8)/(2/(-4)). Let q(a) = 2*a - 2*a - 3*a + 2*a**h + a**2. Calculate q(2).
6
Let g(i) = i**3 - i + 1. Let a(q) = -q - 12. Let y(h) = h**2 - 10*h - 13. Let c = 0 - -10. Let w be y(c). 